{"id":61,"date":"2024-09-09T22:05:23","date_gmt":"2024-09-09T20:05:23","guid":{"rendered":"https:\/\/shop.attraction.pensees-kamite.com\/?post_type=product&#038;p=61"},"modified":"2024-09-13T16:38:08","modified_gmt":"2024-09-13T14:38:08","slug":"bague-a-barre-longue-personnalisee","status":"publish","type":"product","link":"https:\/\/shop.attraction.pensees-kamite.com\/index.php\/produit\/bague-a-barre-longue-personnalisee\/","title":{"rendered":"Bague \u00e0 barre longue personnalis\u00e9e"},"content":{"rendered":"<p>Cette magnifique bague longue barre est un look simple et \u00e9l\u00e9gant parfait. Avec son design minimaliste, fabriqu\u00e9e en or massif, cette bague deviendra certainement un incontournable de votre garde-robe de bijoux. Le design intemporel pr\u00e9sente une longue barre \u00e9l\u00e9gante avec des gravures parfaitement positionn\u00e9es offrant une touche tr\u00e8s sp\u00e9ciale.\u00a0Portez<\/p>\n<p>-la seule comme un rappel quotidien de votre propre beaut\u00e9 et de votre gr\u00e2ce ou superposez-la avec d&rsquo;autres pi\u00e8ces qui lui donneront un magnifique look empilable. Donnez-lui votre propre touche en ajoutant une date sp\u00e9ciale ou le nom de vos proches.<\/p>\n<p>* MAT\u00c9RIAU :<br \/>\n\u2014 100 % argent sterling recycl\u00e9 &#8211; Ce m\u00e9tal pr\u00e9cieux et solide est un classique qui dure pour toujours. Bien qu&rsquo;il puisse s&rsquo;assombrir avec le temps, avec un entretien continu et occasionnel, il est comme neuf.<br \/>\n\u2014 Vermeil en or 18 carats &#8211; Pour ceux qui ont l&rsquo;\u0153il pour l&rsquo;or frappant, nos bijoux en or utilisent de l&rsquo;argent sterling comme base et sont plaqu\u00e9s d&rsquo;une couche durable et \u00e9paisse de vermeil en or 18 carats.<br \/>\n\u2014 Vermeil en or rose 18 carats &#8211; Nos bijoux en or rose utilisent une base en argent sterling avec de l&rsquo;or rose 18 carats par-dessus pour donner \u00e0 nos bijoux une teinte rose-dor\u00e9.<\/p>\n<p>Le vermeil est sans nickel et parfait pour les personnes allergiques aux m\u00e9taux.<\/p>\n<p>*DIMENSION :<br \/>\nDiam\u00e8tre de la barre : 3&#215;17,8 mm. de hauteur.<br \/>\n\u2014 Si vous souhaitez une barre plus petite, vous pouvez trouver notre bague Rasha Mini Bar ci-dessous<br \/>\n<a href=\"https:\/\/etsy.me\/3RjvEdf\" target=\"_blank\" rel=\"noopener\">https:\/\/etsy.me\/3RjvEdf<\/a><\/p>\n<p>*GRAVURE :<br \/>\nSaisissez les lettres\/chiffres ou le symbole que vous souhaitez sur votre bague dans la case de personnalisation.<br \/>\n\u2014 Lettres sensibles \u00e0 la casse.<br \/>\n\u2014 Veuillez saisir des lettres majuscules ou minuscules indiquant la mani\u00e8re dont vous souhaitez que votre bague soit fabriqu\u00e9e.<br \/>\n\u2014 Maximum 10 caract\u00e8res.<\/p>\n<p>* TAILLE : Taille de bague am\u00e9ricaine.<br \/>\nDes demi-tailles sont disponibles.<br \/>\n\u2014 En cas de doute sur la taille, notre baguier peut \u00eatre d&rsquo;une grande aide pour trouver la bonne taille pour vous et vos futurs achats.<br \/>\n<a href=\"https:\/\/etsy.me\/3PfzEdn\" target=\"_blank\" rel=\"noopener\">https:\/\/etsy.me\/3PfzEdn<\/a><\/p>\n<p>*D\u00c9LAI DE PRODUCTION<br \/>\nVeuillez consulter Exp\u00e9dition et politiques pour conna\u00eetre notre d\u00e9lai de production le plus r\u00e9cent.<\/p>\n<p>*COMMANDE URGENTE<br \/>\nVeuillez s\u00e9lectionner \u00ab Commande urgente + Livraison express \u00bb au moment du paiement et indiquer la date de livraison souhait\u00e9e dans la section Notes. Notre \u00e9quipe vous contactera pour confirmer si votre demande a \u00e9t\u00e9 accept\u00e9e.<\/p>\n<p>*CADEAU<br \/>\nVous aurez la possibilit\u00e9 d&rsquo;ajouter un message personnalis\u00e9 \u00e0 votre commande. Veuillez indiquer votre message dans la case Note lors du paiement. Une fois que nous l&rsquo;aurons re\u00e7u, notre \u00e9quipe imprimera le message sur une carte et l&rsquo;inclura dans votre commande.<br \/>\nBien que nous n&rsquo;ayons actuellement pas d&#8217;emballage cadeau, chaque pi\u00e8ce est parfaitement emball\u00e9e \u00e0 la mani\u00e8re de Grace Personalized.<\/p>\n<p>***<\/p>\n<p>Merci de soutenir notre petite entreprise en pleine croissance ! De nous \u00e0 vous, nous sommes tr\u00e8s reconnaissants de vous avoir ici. Ce qui a commenc\u00e9 comme une passion pour la fabrication de pi\u00e8ces intentionnelles est devenu une entreprise pleine de c\u0153ur. Chaque rainure et chaque gravure qui ont servi \u00e0 la fabrication de votre pi\u00e8ce unique ont \u00e9t\u00e9 fabriqu\u00e9es \u00e0 la main par des artisans locaux au Vietnam avec soin, intention et, surtout, amour. Avec votre vision artistique et notre savoir-faire, ensemble, nous avons cr\u00e9\u00e9 quelque chose de vraiment unique.<\/p>\n<p>C\u00e9l\u00e9brons la beaut\u00e9 de ce moment !<\/p>\n","protected":false},"excerpt":{"rendered":"<p class=\"wt-line-height-tight wt-break-word wt-text-body-01\" tabindex=\"0\" data-buy-box-listing-title=\"true\">Bague longue barre personnalis\u00e9e par GracePersonalized &#8211; Bagues \u00e0 barre personnalisables &#8211; Bague longue barre grav\u00e9e &#8211; Bague d\u00e9licate empilable *BAGUE RIANNA*.<\/p>\n","protected":false},"featured_media":62,"comment_status":"open","ping_status":"closed","template":"","meta":{"neve_meta_sidebar":"","neve_meta_container":"","neve_meta_enable_content_width":"off","neve_meta_content_width":100,"neve_meta_title_alignment":"","neve_meta_author_avatar":"","neve_post_elements_order":"","neve_meta_disable_header":"","neve_meta_disable_footer":"","neve_meta_disable_title":""},"product_cat":[19],"product_tag":[30,29,26],"class_list":{"0":"post-61","1":"product","2":"type-product","3":"status-publish","4":"has-post-thumbnail","6":"product_cat-collier","7":"product_tag-bague-prenom-grave","8":"product_tag-bague-tendance","9":"product_tag-bijou-minimaliste","11":"first","12":"instock","13":"featured","14":"shipping-taxable","15":"purchasable","16":"product-type-simple","17":"add-to-wishlist-after_add_to_cart"},"_links":{"self":[{"href":"https:\/\/shop.attraction.pensees-kamite.com\/index.php\/wp-json\/wp\/v2\/product\/61","targetHints":{"allow":["GET"]}}],"collection":[{"href":"https:\/\/shop.attraction.pensees-kamite.com\/index.php\/wp-json\/wp\/v2\/product"}],"about":[{"href":"https:\/\/shop.attraction.pensees-kamite.com\/index.php\/wp-json\/wp\/v2\/types\/product"}],"replies":[{"embeddable":true,"href":"https:\/\/shop.attraction.pensees-kamite.com\/index.php\/wp-json\/wp\/v2\/comments?post=61"}],"wp:featuredmedia":[{"embeddable":true,"href":"https:\/\/shop.attraction.pensees-kamite.com\/index.php\/wp-json\/wp\/v2\/media\/62"}],"wp:attachment":[{"href":"https:\/\/shop.attraction.pensees-kamite.com\/index.php\/wp-json\/wp\/v2\/media?parent=61"}],"wp:term":[{"taxonomy":"product_cat","embeddable":true,"href":"https:\/\/shop.attraction.pensees-kamite.com\/index.php\/wp-json\/wp\/v2\/product_cat?post=61"},{"taxonomy":"product_tag","embeddable":true,"href":"https:\/\/shop.attraction.pensees-kamite.com\/index.php\/wp-json\/wp\/v2\/product_tag?post=61"}],"curies":[{"name":"wp","href":"https:\/\/api.w.org\/{rel}","templated":true}]}}